-14 - 87)) + 7)
-79
-14 + -8 - (-1 - 3) - 40
-58
What is the value of 13 + -1 + (84 - (40 - -90))?
-34
Calculate 9 + -18 + -2 + (0 - 1) + (1 - -21).
10
Evaluate (1 - 12) + 1 - (6259 + -6249 - (-90 - 0)).
-110
Evaluate 15 - ((0 + 2 - 3) + -14 + -17).
47
(-1 + 3 - 7) + (-8 - -2 - (23 - -3))
-37
What is the value of (2 - -10) + (-26 - -16 - 6) + -47?
-51
Evaluate (-3 - (-24 + (-21 - -29))) + -77.
-64
What is 7 - ((12 - -1) + 969 + -996)?
21
(-1 - (3 - -1)) + 1 + 216 + -199
13
What is the value of -67 - (-67 + (71 - 171))?
100
What is 101 - (-21 + (26 - -45))?
51
Evaluate 19 - (14 - 30 - (2 - 34)).
3
Calculate 0 + -7 + (-126 - -146) + 20.
33
What is -154 + 117 + 42 - 61?
-56
(-44 - (-16 - -6)) + 111
77
What is the value of 1 + (-6 - (-2 - -1)) + -144 + 134?
-14
(1 - 23) + -85 + 102 - (0 + -1 + -4)
0
Evaluate (0 - -14) + (-60 - -131) + -88 - (-42 + 1).
38
Calculate (-19 - -3) + 9 + (-13 + -1 - -8).
-13
What is the value of 43 - 32 - (-31 - (-10 + -6 + 14))?
40
3 + -154 + 35 + 52
-64
What is the value of 24 + -13 + (360 - 363)?
8
What is 30 - (36 - (34 + -43))?
-15
Calculate (27 - (1 - (-12 - 37))) + -15 + (3 - 0).
-35
What is the value of -45 + (138 - 108) + -11?
-26
Calculate 32 - -89 - -156 - 155.
122
What is the value of (9 + 0 - -1 - 29) + -5?
-24
-8 + 142 + -114 + -44
-24
What is the value of 0 + 1 - ((-29 - 2) + 2 - (108 - 129))?
9
What is -16 + -5 + (24 - (-4 + -6 + 20)) - 93?
-100
10 + (6 - (1 + (-19 - -6)))
28
Evaluate 33 - (29 - (48 - 29 - 2)).
21
-4 + (23 - (16 + 3)) + -7
-7
-42 + 0 + (10 - (2 + (-11 - -8) + 10))
-41
Evaluate (-20 + 52 - -51) + 2 + -4 + -12 + 6.
75
What is 15 - 16 - -15 - (-8 + 1)?
21
What is 13 - (-2 - 14 - (-154 + 16) - 14)?
-95
Calculate (-245 - -57 - -117) + (-4 - -18).
-57
Calculate -12 + 4 + (-6 - -14) + (1 + 1 - 45).
-43
What is (38 - (-7 - (-12 - 1))) + 20?
52
What is 71 + -6 + -1 + (-54 - (-99 - -49))?
60
Calculate 2 - (0 - (-9 + (3 - 5)) - 23).
14
What is the value of 48 + (-12 - 32) + -2 + -132?
-130
-19 + 2 + 13 - (3 + 0 + 33 + 3)
-43
2 + (6 - 28 - (-24 - (-17 - 31)))
-44
Calculate -7 + 129 + -16 + 2 + (3 + 0 - 11).
100
What is the value of 8 - -1 - (50 - 62 - -28) - 14?
-21
Evaluate (-49 + 46 - -5) + (5 - -130 - 0).
137
0 + 40 + (-72 - -30)
-2
(6 + -7 - (-41 - -28)) + 56 + 4
72
Evaluate -24 - -174 - 250 - -234.
134
(3 - 25) + 0 + 198 + -175
1
Calculate (-4 - -8 - 1 - (11 + 10 + -5)) + 69.
56
What is the value of 3 - ((-140 - 25 - -57) + -12 + 0)?
123
Calculate 252 + -119 - 161 - (4 + -36).
4
Calculate (-14 - -3 - (19 + (10 - 29))) + 11.
0
Evaluate (-76 - 0) + (-1 - -3) + (-53 - -9) + 56.
-62
Calculate (-60 + (-17 - -8) - -23) + 18.
-28
Evaluate -10 + -46 + -37 + 62 + 1 + 54.
24
Evaluate 6 - ((0 - 13) + 9 - 29).
39
Calculate -3 + -9 + 6 + (-11 - -18) - -7 - 8.
0
Calculate -4931 - -4957 - (0 + 8).
18
What is the value of (2 - 3) + 88 + (-27 + 54 - (15 + 14))?
85
Calculate 14 + (3 - (18 - 12) - 16) + 68.
63
-15 - (18 - (-8 - -20) - 10)
-11
(-3 + 1 - (-10 - 31)) + (3 - (-2 + -7))
51
-3 - 55 - -3 - (-53 + 1 + 57)
-60
What is the value of -3 - -7 - (-342 - -304)?
42
What is 86 + -73 + -122 + 92?
-17
What is the value of (2 + 11 - (-163 + 176) - -9) + -78?
-69
20 + 28 + 1 + 393 + -407
35
42 + -22 + -42 - -9 - -30
17
What is -1 + 1 - (191 + -194) - 5 - -31?
29
What is the value of -2 - ((2 - 2) + -54) - (201 + -367 + 163)?
55
8 + -8 + -4 + 5 + 15 + (-5 - 14)
-3
Calculate (41 + -63 + 30 - -4) + -21 + -1.
-10
0 + 3 - 47 - (846 + -852)
-38
Calculate (-56 - -5) + -3 + -4 + 9 + -15 + 5.
-59
Calculate -4 + (-71 - -3 - (5 - 4)) - (-177 - -175).
-71
What is the value of -30 + (-12 + -2 - (3 + -27) - 7) + -16?
-43
-63 - ((19 - 28) + (-2 - -16) + 7)
-75
Evaluate -1 + 17 - ((25 - 6) + 45).
-48
What is 91 - (6 + (-8 - 1 - (-26 + 23)) + -1)?
92
5122 - 5064 - (-47 + -4)
109
What is the value of -5 + (-3 - (-4 - -6) - (32 + -1)) + -9?
-50
What is the value of 124 + -100 + (-9 - 29)?
-14
Calculate 7 + (-82 - (-47 + 36)).
-64
Calculate -4 - -14 - -2 - (-360 - -357).
15
-27 - (4 - -1 - (-228 + 245))
-15
Calculate -8 + 8 + (-6 - -9 - -6 - 16 - 5).
-12
18 + (0 - -4) - (121 - (195 + -84))
12
Evaluate (17 - (7 - -3)) + (-57 - -9).
-41
Evaluate 165 + -240 + 103 - (25 - -1).
2
Calculate -8 + 16 + -1 + -6 - (-228 - -185).
44
What is 71 + -151 + 89 + 27 + 0?
36
What is -2 + -1 - ((20 - (14 - 8)) + -8)?
-9
Calculate -1913 + 1922 - (2 + 24 + 1).
-18
Evaluate (-1 - 22) + -3 + -21 + 5 + 0.
-42
Evaluate -11 + (-18 - (-10 + 0) - (-34 - 0)).
15
Calculate -107 - ((-5 - -2 - -4) + -15 + -25 + 48).
-116
Calculate 10 - (31 - (-65 + 39)).
-47
What is the value of 19 - (83 + 60 + -152)?
28
Evaluate 16 - (-14 - -42) - (-11 + 2 + -25).
22
Calculate -61 + (-72 - -324) + -89.
102
What is the value of -25 + (2 - (-1 + 17 - 18))?
-21
What is -7 + -5 + 24 + -12 - 17?
-17
Calculate 3 + -28 + 6 + 15 - 15.
-19
(-3 + -2 + -2 - -6) + 25 + 11
35
-13 + (-1135 - -1134 - (2 - -66))
-82
Evaluate (-151 - -167) + 18 + 3 + 11.
48
Calculate 6 - ((-5 - (0 + -3)) + -16).
24
Calculate (2 - -1 - -2) + -2 + 29 - (229 + -240).
43
What is the value of -2 - -63 - (-12353 + 12490)?
-76
What is 9 + 27 + -23 + (7 - 1) + (-15 - -2)?
6
What is ((-1 - -2) + -7 - (-79 + 32)) + 11?
52
What is the value of (-4 - ((7 - 7) + 79 - (-7 - 3))) + -2?
-95
Calculate (137 - 3) + -1 + -59.
74
Calculate 8 - (-28 + -6 - (10 + (3 - 11))).
44
Calculate (-45 - (12 + (0 - 12) - (-8 + 3))) + 12.
-38
What is the value of 167 + -163 - (-36 + -2)?
42
What is (-27 - 10) + -55 + 60 + 3?
-29
Evaluate 57 - (20 + (-2 - (6 + (-5 + -2 - -11)))).
49
What is 104 + (2 + 16 + -16 - (-4 - (-1 + 1)))?
110
Calculate -113 - -77 - (3 + -5) - -8.
-26
Calculate -163 - -213 - (80 + -4).
-26
(181 + 22 - 296) + 17 + 1 + 0
-75
What is the value of -20 + -12 + 30 + (-16 - 5)?
-23
What is -6 + -21 + -5 - 3 - (127 - 125)?
-37
Calculate -22 + (-8 - -29) + -5 + 1.
-5
What is the value of -69 - (-15 + 8) - (-3 + -13) - 18?
-64
What is (-1 - -28) + 527 + -553 - (0 + -22)?
23
(21 - 8) + -3 - (-1 + -2 - -4 - -30)
-21
Calculate 18 + (-534 - -473 - ((0 - -16) + 2)).
-61
-50 - ((-2354 - -2406) + -44 + 0)
-58
Calculate (98 - 98 - 54) + -17 + -1 - -15.
-57
Calculate 54 - 44 - (12 - 9 - 28).
35
2 + 52 - ((-57 - -87) + -6)
30
What is (3 - (12 - (19 - 7))) + (-90 - 6) + 8?
-85
What is 60 + (6 + -3 + 9 - (-8 + 17))?
63
What is the value of 41 + (23 - (15 - -22 - -7)) - 86?
-66
What is -41 + 1 - (1 - -7 - (899 + -878))?
-27
Evaluate (1 - 2) + 11 + 1 + 53 + -62 - -84.
86
What is -70 + 69 + (1 - -5) + -11 - 33?
-39
What is the value of 58 - -3 - (-53 + 67)?
47
What is 6 + (1 + 46 - (4 - (22 - 35)))?
36
4 + -1 - (6 - (-62 + 53) - (91 - 2))
77
Evaluate 32 + 0 + -26 - -39 - -19.
64
Evaluate 23 + 29 + -36 + 7 + 7 + 1.
31
What is (44 - 12 - 122) + 29 + 17?
-44
Evaluate 56 + -71 + 119 - 24.
80
-1 + 3 - (-30 - 11 - (-7 - -13 - -2))
51
What is the value of -6 + 13 + -23 - (-352 - -274)?
62
What is the value of (12 - (1 - -11) - (-18 - -8)) + -36?
-26
Evaluate -4 + 2 - -74 - 37.
35
What is the value of -73 + 76 + 74 + -32?
45
Calculate (-3 - -6) + -6 + (-31 - -1) + (-358 - -366).
-25
Calculate (11 + 29 - 30 - (0 + -1)) + -8.
3
Calculate (2 - 3) + ((8 - 63) + -9 + 18 - -1).
-46
What is the value of -5 + -25 + 10 + 8?
-12
5 + (2 - 6) + (-12 + 0 - -69)
58
What is the value of 33 + (20 + -54 - -22)?
21
Calculate -114 - ((-15 - -21) + -1 + -20).
-99
What is -31 + 24 - (-15 - 23)?
31
What is -78 + -2 - (645 - 675)?
-50
What is -30 + (-49 - -28) + 7 + 3 + 2 + -1?
-40
(-34 - -14) + 94 + -46 + -21
7
What is the value of -1 - (-188 + 214 + (4 - (0 - 4 - -2)))?
-33
Evaluate -23 - -6 - (242 + -212).
-47
Calculate -33 + (-43 - (2 - 54) - (2 + 3)).
-29
Calculate -51 + 23 - (-99 - -47 - -25).
-1
Calculate -1 - (21 - (26 - 21) - 51).
34
Evaluate -24 + 74 + -60 + 13 + -1 + -2.
0
Evaluate -36 + -4 + 0 + 5 + -2 + -5.
-42
Calculate -46 + -2 + 40 + 50.
42
3 + 8 + (-1 - -4) + 24 + 1
39
What is the value of 23 - (-57 - (20 - 77))?
23
Calculate -14 - (-8 + -23) - (-5 + -20).
42
Evaluate (-15 - (54 - 22)) + -1 + (-18 - -4).
-62
What is (-21 - -2) + (4 + -9 - -16)?
-8
What is 6 - ((0 - 2) + (12 - (41 + -31)) - -1)?
5
What is -40 + -93 + 132 + 0 + -17 - -12?
-6
Calculate 1 + (2 - -82) - ((-6 - 46) + (-458 - -521)).
74
What is (-6 - ((-2 - (-1 + 2)) + (164 - 167))) + -64?
-64
Calculat